{"id":290,"date":"2023-04-07T12:08:23","date_gmt":"2023-04-07T10:08:23","guid":{"rendered":"https:\/\/www.2.aris-energie.com\/cg145679-ovh\/?post_type=product&#038;p=290"},"modified":"2023-04-07T18:42:58","modified_gmt":"2023-04-07T16:42:58","slug":"systeme-standard-0","status":"publish","type":"product","link":"https:\/\/www.2.aris-energie.com\/cg145679-ovh\/index.php\/product\/systeme-standard-0\/","title":{"rendered":"Syst\u00e8me Standard 0\u00b0"},"content":{"rendered":"<h4><strong>Support b\u00e9ton pour panneaux solaires\u00a0 SUNBALLAST<\/strong><br \/>\n<strong>Syst\u00e8me standard<\/strong><br \/>\n<strong>Inclinaison 0\u00b0<\/strong><br \/>\n<strong>Pose panneaux \u00e0 l&#8217;horizontale ou la verticale<\/strong><br \/>\n<strong>REF: 23000 K<\/strong><\/h4>\n<p>&nbsp;<\/p>\n<p><strong>T\u00e9l\u00e9charger la documentstion technique:<\/strong><\/p>\n<p><a href=\"https:\/\/www.2.aris-energie.com\/cg145679-ovh\/wp-content\/uploads\/2023\/04\/Schede-Tecnice-0\u00b0.K-Sistema-Standard-FR-1.pdf\">Notice technique SB. Standard 0\u00b0<\/a><\/p>\n<p><iframe loading=\"lazy\" title=\"Standard 0\u00b0 K\" width=\"640\" height=\"360\" src=\"https:\/\/www.youtube.com\/embed\/hS5zWO10R4w?feature=oembed\" frameborder=\"0\" allow=\"accelerometer; autoplay; clipboard-write; encrypted-media; gyroscope; picture-in-picture; web-share\" referrerpolicy=\"strict-origin-when-cross-origin\" allowfullscreen><\/iframe><\/p>\n<p>Le ballast Sun Ballast 0\u00b0 est une solution optimale lorsqu\u2019il y a des situations telles que : charge limit\u00e9e du grenier,\u00a0<strong>espaces limit\u00e9s et contraintes paysag\u00e8res.<\/strong> Cette solution sp\u00e9cifique atteint l\u2019objectif de placer plus de panneaux dans moins d\u2019espace sans \u00eatre visible de l\u2019ext\u00e9rieur. Il existe \u00e9galement une version sur\u00e9lev\u00e9e dans le cas o\u00f9 il est n\u00e9cessaire de se tenir plus haut que la surface.<br \/>\nLe syst\u00e8me de fixation Sun Ballast 0\u00b0 est r\u00e9alis\u00e9 en b\u00e9ton vibrant et renforc\u00e9 et permet une inclinaison de 0 \u00b0. Le mat\u00e9riau avec lequel est r\u00e9alis\u00e9 le ballast a une classe d\u2019exposition XC4 ainsi qu\u2019une classe de r\u00e9sistance de C32\/40.<br \/>\nIl remplit soit la fonction de support que de lest aux panneaux photovolta\u00efques et ne doit pas \u00eatre fix\u00e9 sur la couverture mais seulement appuy\u00e9e. Lors de l\u2019installation, une gaine de protection en caoutchouc est pos\u00e9e entre le support et le couvercle.<\/p>\n<p><img decoding=\"async\" src=\"https:\/\/www.aris-energie.com\/img\/cms\/photo%203%20%20PETIT%20standard%20sunballast%2030.png\" alt=\"Support panneaux solaires standard 30\u00b0 SUNBALLAST\" \/><\/p>\n<p><img decoding=\"async\" src=\"https:\/\/www.aris-energie.com\/img\/cms\/syst%C3%A8me%20standard%200%C2%B0-%201%20sunballast.png\" alt=\" \" \/><\/p>\n<p>&nbsp;<\/p>\n","protected":false},"excerpt":{"rendered":"<p>Support b\u00e9ton pour panneaux solaires\u00a0 SUNBALLAST Syst\u00e8me standard Inclinaison 0\u00b0 Pose panneaux \u00e0 l&#8217;horizontale ou la verticale REF: 23000 K &nbsp; T\u00e9l\u00e9charger la documentstion technique: Notice technique SB. Standard 0\u00b0 Le ballast Sun Ballast 0\u00b0 est une solution optimale lorsqu\u2019il y a des situations telles que : charge limit\u00e9e du grenier,\u00a0espaces limit\u00e9s et contraintes paysag\u00e8res. &hellip; <\/p>\n<p class=\"link-more\"><a href=\"https:\/\/www.2.aris-energie.com\/cg145679-ovh\/index.php\/product\/systeme-standard-0\/\" class=\"more-link\">Continue reading<span class=\"screen-reader-text\"> &#8220;Syst\u00e8me Standard 0\u00b0&#8221;<\/span><\/a><\/p>\n","protected":false},"featured_media":291,"comment_status":"open","ping_status":"closed","template":"","meta":{"_regular_price":[],"currency_symbol":[]},"product_cat":[21],"product_tag":[],"class_list":["post-290","product","type-product","status-publish","has-post-thumbnail","hentry","product_cat-systeme-standard-sunballast"],"post_slider_layout_featured_media_urls":{"thumbnail":["https:\/\/www.2.aris-energie.com\/cg145679-ovh\/wp-content\/uploads\/2023\/04\/systeme-standard-0\u00b0.-2-sunballast-150x150.png",150,150,true],"post_slider_layout_landscape_large":["https:\/\/www.2.aris-energie.com\/cg145679-ovh\/wp-content\/uploads\/2023\/04\/systeme-standard-0\u00b0.-2-sunballast.png",800,600,false],"post_slider_layout_portrait_large":["https:\/\/www.2.aris-energie.com\/cg145679-ovh\/wp-content\/uploads\/2023\/04\/systeme-standard-0\u00b0.-2-sunballast.png",800,600,false],"post_slider_layout_square_large":["https:\/\/www.2.aris-energie.com\/cg145679-ovh\/wp-content\/uploads\/2023\/04\/systeme-standard-0\u00b0.-2-sunballast.png",800,600,false],"post_slider_layout_landscape":["https:\/\/www.2.aris-energie.com\/cg145679-ovh\/wp-content\/uploads\/2023\/04\/systeme-standard-0\u00b0.-2-sunballast-600x400.png",600,400,true],"post_slider_layout_portrait":["https:\/\/www.2.aris-energie.com\/cg145679-ovh\/wp-content\/uploads\/2023\/04\/systeme-standard-0\u00b0.-2-sunballast-600x600.png",600,600,true],"post_slider_layout_square":["https:\/\/www.2.aris-energie.com\/cg145679-ovh\/wp-content\/uploads\/2023\/04\/systeme-standard-0\u00b0.-2-sunballast-600x600.png",600,600,true],"full":["https:\/\/www.2.aris-energie.com\/cg145679-ovh\/wp-content\/uploads\/2023\/04\/systeme-standard-0\u00b0.-2-sunballast.png",800,600,false]},"_links":{"self":[{"href":"https:\/\/www.2.aris-energie.com\/cg145679-ovh\/index.php\/wp-json\/wp\/v2\/product\/290","targetHints":{"allow":["GET"]}}],"collection":[{"href":"https:\/\/www.2.aris-energie.com\/cg145679-ovh\/index.php\/wp-json\/wp\/v2\/product"}],"about":[{"href":"https:\/\/www.2.aris-energie.com\/cg145679-ovh\/index.php\/wp-json\/wp\/v2\/types\/product"}],"replies":[{"embeddable":true,"href":"https:\/\/www.2.aris-energie.com\/cg145679-ovh\/index.php\/wp-json\/wp\/v2\/comments?post=290"}],"wp:featuredmedia":[{"embeddable":true,"href":"https:\/\/www.2.aris-energie.com\/cg145679-ovh\/index.php\/wp-json\/wp\/v2\/media\/291"}],"wp:attachment":[{"href":"https:\/\/www.2.aris-energie.com\/cg145679-ovh\/index.php\/wp-json\/wp\/v2\/media?parent=290"}],"wp:term":[{"taxonomy":"product_cat","embeddable":true,"href":"https:\/\/www.2.aris-energie.com\/cg145679-ovh\/index.php\/wp-json\/wp\/v2\/product_cat?post=290"},{"taxonomy":"product_tag","embeddable":true,"href":"https:\/\/www.2.aris-energie.com\/cg145679-ovh\/index.php\/wp-json\/wp\/v2\/product_tag?post=290"}],"curies":[{"name":"wp","href":"https:\/\/api.w.org\/{rel}","templated":true}]}}